 when w is divided by 51?
50
Let j(l) = 4*l**2 - 3*l**2 + 31*l - 5 - 24*l. Let m be j(-8). Suppose -57 = -5*i - k, 0 = k + m*k - 8. Calculate the remainder when 41 is divided by i.
8
Suppose 121*v = -743 + 4736. Calculate the remainder when 12*((-230)/3)/(-2) is divided by v.
31
Suppose 110*j + 56 - 13916 = 0. Calculate the remainder when j is divided by 118.
8
Let o = -339 - -345. Suppose 13*j - 6783 = -o*j. What is the remainder when j is divided by 8?
5
Suppose 13*o + 1135 = 6894. Let g = o - 438. Calculate the remainder when 38 is divided by g.
3
Suppose 38 = 2*a - 0*a - 5*w, 0 = 5*a + 2*w - 37. Suppose 3*f - 176 + 99 = j, 0 = -5*f - 2*j + 132. Calculate the remainder when f is divided by a.
8
Let n = 526 + -516. Suppose -n*v = -26*v + 704. What is the remainder when v is divided by 4?
0
Let w be 4/(-2 - (-12)/3). Suppose 0 = -v + 7 - w. Suppose s - 6 = 1. What is the remainder when s is divided by v?
2
Calculate the remainder when 1123 is divided by (1034/(-517))/(4/(-378)).
178
Let d = -54 - -56. Let v = 60 - d. Let g(z) = -z - 1. Calculate the remainder when v is divided by g(-11).
8
Let q be -118*2/(-4) + (-2 - -1). Suppose 6*j - q = 4*j. Let a = 91 - j. What is the remainder when a is divided by 11?
7
Let o be (-4)/22 + (-49244)/(-44). Suppose 12*u = 609 + o. Suppose 3*g - u = 4*c, c + 9 = -2*c. Calculate the remainder when g is divided by 16.
12
Let h be (21/(-98) - (-4)/(-14))*-12. Suppose -9*l = -2*o - 12*l + 194, h = 3*l. What is the remainder when o is divided by 24?
22
Let x be ((-8)/20 - 11) + 2/5. What is the remainder when -18*(((-99)/(-2))/x + 0) is divided by 9?
0
Suppose -t - 1 + 8 = 0. Let c be (-1 - -4)*(3 - t). What is the remainder when (c*8)/(-4) + -1*3 is divided by 6?
3
Let p be (-160)/(-10)*(-2)/(6/45). Let w = -213 - p. Calculate the remainder when 242 is divided by w.
26
Suppose 2 = -8*b + 9*b. Suppose 0*s + b = s. Calculate the remainder when 0 + 22/(4 - s) is divided by 3.
2
Let f(w) = -w**2 - 2*w + 7. Let r be f(-3). Let u(h) = 26*h**2 + 9*h**2 + 8*h**2 - 8 + r. What is the remainder when u(-2) is divided by 19?
16
Calculate the remainder when 393 is divided by (-690)/18*(-5 - (4 + -6)).
48
Calculate the remainder when 12*147/(-9)*(-142)/8 is divided by 26.
21
Let q(k) = k**3 - 2*k**2 - 5*k + 4. Suppose -14 + 4 = -5*a, 3*a - 3 = z. Suppose -2*f + 13 - z = 0. What is the remainder when q(5) is divided by f?
4
Suppose 4*c = -92*y + 95*y - 86, y - 4*c - 10 = 0. Calculate the remainder when 618 is divided by y.
10
Suppose 5*f + 2*n = 7, -n + 6 = 4*f + 1. Let k be -63*f/2*4/(-6). Suppose k = -x + 2*x + s, -x + 22 = 2*s. Calculate the remainder when 37 is divided by x.
17
Let t(v) = -31*v + 418. Suppose 18 = 14*h - 12*h. Calculate the remainder when t(8) is divided by h.
8
Let a(p) = p**3 - 14*p**2 + 15*p + 19. What is the remainder when (-44 + 41)/((-2)/568) is divided by a(13)?
42
Suppose 1041 = 8*d + 13*d + 327. What is the remainder when 2685 is divided by d?
33
Let i = -209 - -639. Calculate the remainder when i is divided by 24.
22
Let i = 293 + -291. Suppose -i*s = -h - 3*s + 31, 5*h - 2*s - 176 = 0. Calculate the remainder when (-1)/(-4) + (-777)/(-12) is divided by h.
31
Let z be (2*(-1 - -2))/2. Let k = 20998 - 20976. What is the remainder when k is divided by 4/((z - 2)/(-2))?
6
Suppose 2*i - l - 28 = 0, 3*i + 2*i - 2*l = 71. Let d = -12 + i. Suppose 0 = -7*t - d*t + 290. What is the remainder when 82 is divided by t?
24
Suppose 31196 = -53*z + 160675. Calculate the remainder when z is divided by 26.
25
Let g(m) = -m**2 + 22*m + 17. Suppose 9*p - 7*p + x = 432, 456 = 2*p - 5*x. What is the remainder when p is divided by g(22)?
14
Let k = 28313 + -27083. Calculate the remainder when k is divided by 112.
110
Let p = 1217 - 674. Let l = -448 + p. Calculate the remainder when l is divided by 49.
46
Calculate the remainder when ((-2 - -6) + 0)*26362/392 is divided by 9.
8
Let f = -3483 + 3497. Calculate the remainder when 465 is divided by f.
3
Calculate the remainder when 1060 is divided by -1*((-244)/12 + 6) - 4/(-6).
10
Let j(s) = s**2 - 545*s + 14003. Suppose -4*t + 0*p = -2*p - 18, 0 = 5*p - 5. Calculate the remainder when j(27) is divided by t.
2
Suppose 2*h + 19 = 5*r, 8*h + 22 = 4*r + 3*h. Let z be 6*(-57 - (r + 12/(-2))). What is the remainder when 41 is divided by z/(-36) + 1*1*2?
8
Let n(t) = 2*t**3 - 6*t**2 + 29*t - 179. What is the remainder when n(8) is divided by 60?
33
Suppose -3*s = -8*s + 5, -3*g = -4*s - 5. Suppose 0 = -4*l + 7*l + g. Let u = l - -51. What is the remainder when u is divided by 13?
11
Let k(f) = 418*f**2 - 43 - 11*f - 416*f**2 + 12. Calculate the remainder when k(-7) is divided by 42.
18
Let l = 86 + -29. What is the remainder when -4 + (10/(-5) - -175) is divided by l?
55
Let y = 4752 - 4381. Calculate the remainder when y is divided by 184.
3
Let u = -26 + 24. Let o = -589 + 845. What is the remainder when o is divided by u/(5/(430/(-4)))?
41
Let o(i) = i**2 - 7*i - 2. Let x be o(7). Let n(g) = -16*g + 2. Suppose 3168 = 1128*k - 776*k. What is the remainder when n(x) is divided by k?
7
Suppose 5*f = -10*f - 159*f + 39324. Calculate the remainder when 6550 is divided by f.
222
Let k(o) = 243*o**2 - 12*o - 3. What is the remainder when k(2) is divided by 84?
21
Suppose -76*u = -84*u + 224. Suppose -2*m = 2*m - 424. Calculate the remainder when 4 + (m*4)/4 is divided by u.
26
Let c = 73 - 14. Let v = 120 - c. What is the remainder when v is divided by 21?
19
Suppose -u + j = -49, -93 = -4*u - 3*j + 103. Let q = 49 - u. Suppose 3*b - 15 = -q*b. Calculate the remainder when 8 is divided by b.
3
Let k = -1035 - -1080. Calculate the remainder when 162/k*(-40)/(-3) is divided by 19.
10
Let f = 153 - 133. Suppose f*b = 92 + 108. What is the remainder when 26 is divided by b?
6
Let i = 119 - 35. Let n be (4/(-1) - -6) + 74. Suppose -n = -9*d + 122. Calculate the remainder when i is divided by d.
18
Suppose 0 = 842*m - 834*m - 696. Calculate the remainder when 140 is divided by m.
53
Suppose -3*l + 186 = -2*p, 4*l + 3*p = 120 + 128. Suppose 0 = -2*k - 106 - l. Let t = -50 - k. What is the remainder when t is divided by 18?
16
Let g = 25 + -15. Let u(s) = -s**2 - 25*s - 40. Let o be u(-20). Suppose 2*n - a - 30 = 0, 4*n + 2*a = -2*a + o. What is the remainder when n is divided by g?
5
Suppose -7*f + 5*f + 588 = 0. Suppose -8*v + f = -v. What is the remainder when v is divided by 15?
12
What is the remainder when 393 is divided by 4/8 - (-1125)/50?
2
Let i be 2/(-8) - 16082/(-136). Suppose -728*d + 726*d = -i. Calculate the remainder when d is divided by 20.
19
Let m = -6323 + 6366. Calculate the remainder when 179 is divided by m.
7
Let f(w) = w**3 + w + 2. Let k be f(0). Suppose k*o = 6, -3*d + 5*o = 3*o - 21. Suppose -d*p + 140 = p. What is the remainder when 137 is divided by p?
11
Calculate the remainder when 338 is divided by (-2)/(-9)*(-5472)/(-64).
15
Let j be ((-44)/66)/(1/(-3)). Suppose 18*t - 19*t + j = 0. Calculate the remainder when (-2)/((-6)/393) - t is divided by 22.
19
Suppose 3*q + 4*g - 158 = 0, 0 = q - 2*g - 481 + 415. Calculate the remainder when 629 is divided by q.
49
Suppose 2*y - 28 = -5*y. Suppose y*t + 376 = 2*c + 18, 3*c = -4*t + 487. Calculate the remainder when c is divided by 32.
9
Let v = 2 - -36. Suppose -3*u + 4*u = b + 40, -u + v = b. Suppose 0 = -31*z + 270 + 133. Calculate the remainder when u is divided by z.
0
Suppose 40*x - 1080 = 36*x. Let l = -256 + x. Calculate the remainder when 20 is divided by l.
6
Let y = -237 - -258. Suppose -6*v + 621 = y*v. Calculate the remainder when 573 is divided by v.
21
Let f(r) = -r**2 - 11*r - 36. Let x be f(-6). Suppose 0 = -5*w + 5*a + 10, 0 = -w - w - 4*a + 16. Calculate the remainder when 2 - x*(-12)/(-9) is divided by w.
2
Suppose -2*m + 463 = -j + 55, 0 = -3*m + 5*j + 626. Suppose -4*f - 5*w + m = -f, 2*f = 4*w + 120. Calculate the remainder when 187 is divided by f.
59
Calculate the remainder when 485 is divided by 492 + -9 + 11 + -21.
12
Suppose 13*s - 32*s + 2280 = 0. Suppose 14*p - 18*p = -s. What is the remainder when 53 is divided by p?
23
Suppose -348641 + 1921553 = 198*c. What is the remainder when c is divided by 35?
34
Let p be -7 + (8 - 176) + (-4)/1. Let n = -155 - p. Calculate the remainde